p - 2. Let a be (-1 + 1)/(6/3). Suppose 0 = -a*k + k - 3. Is c(k) a composite number?
False
Suppose 4*y - r - 1465 = 0, y - 4*r + 2*r - 361 = 0. Is y prime?
True
Let j be (-3 + 3)*(-1)/(-2). Suppose -6 = -3*n - 0*n. Suppose j*p = -n*p + 370. Is p a prime number?
False
Let s = 15 + -16. Let g = 18 - s. Is g a prime number?
True
Let q = -9 - -25. Is 2*(q*1 - 3) composite?
True
Let b = -1 + 1. Suppose h + 2*h - 12 = 0. Suppose b = k - h*k + 111. Is k prime?
True
Suppose -2*m + 647 = m - 2*g, -2*m + 428 = -3*g. Suppose 5*a - w = 4*a + 116, m = 2*a + w. Is a prime?
False
Let n(c) = -c**3 - c**2 + 15. Let h = -9 - -17. Suppose -h*g = -4*g. Is n(g) prime?
False
Suppose -2*m = -m - 6. Suppose g = -z + 35, -4*g + 5*z - 70 = -m*g. Is g a prime number?
False
Is 0 + (22/(-132) - 2287/(-6)) a prime number?
False
Let v be (-2)/2 - -3 - 3. Let j = 1 - v. Suppose 0 = -j*w + 63 - 25. Is w composite?
False
Let x be 12 + 3 + 6/(-1). Let i(t) = 5*t**2 - 12*t - 10. Is i(x) a prime number?
False
Let d(t) = 2*t - 36. Let n be d(0). Is n/(-24)*(-796)/(-6) prime?
True
Let s(j) = 26*j + 11. Let p be s(8). Suppose p - 71 = 4*i. Is i a prime number?
True
Suppose -2*n - 2*n = 3*b - 1936, -3*n = 4*b - 1459. Is n composite?
True
Suppose -3*d + 2*y + 7277 = 0, 0 = 4*d - 5*y - 3328 - 6363. Is d a prime number?
False
Let s(h) = -h**2 + 4*h + 7. Let p be s(5). Let c(u) = 15*u**2 - 1. Let a(z) = -46*z**2 + z + 3. Let b(v) = p*a(v) + 7*c(v). Is b(1) prime?
False
Let o(p) = p**3 + p**2 - 9*p - 6. Is o(7) a prime number?
False
Let r(v) = 65*v**2 - 2*v - 2. Let w be r(2). Suppose 7*t = 5*t + w. Is t a composite number?
False
Suppose 4*y + 420 = 5*l, -4*l + 126 + 210 = -y. Let k be -1 - 1 - 63/(-9). Suppose 0 = -h + l - k. Is h composite?
False
Let p = 11 - 8. Let f(v) = 4*v**2 + 4*v + 3. Is f(p) prime?
False
Suppose -p = 4, 0 = -4*z - 4*p + 4 - 12. Suppose z*g - 140 = 7*g. Let o = 3 - g. Is o a composite number?
False
Let k = 3759 + -1918. Is k composite?
True
Let k be 1/(-3 - (-21)/6). Let m(o) = -17*o**2 + 3*o - 3. Let p be m(k). Let i = 100 + p. Is i composite?
True
Let w = 1074 + -739. Suppose 0*p = -5*p + w. Is p a composite number?
False
Let q(a) = -a**2 + 9*a - 3. Let f be q(6). Is 729/f + 2/5 composite?
True
Suppose -104 = 2*s - 742. Is s a composite number?
True
Suppose -7*l = -3*l - 2716. Is l composite?
True
Suppose 0 = y - 37 - 148. Is y a prime number?
False
Let n be 2/3*3 - -3. Let l(h) = h + 5. Let a be l(-5). Suppose n*q = -4*r + 104, q + 130 = 5*r - a*q. Is r a prime number?
False
Suppose 48*s = 44*s + 1676. Is s a prime number?
True
Let p(v) = -60*v - 9. Let h be p(-6). Suppose r = c - h, -5*r = -28 + 8. Is c a composite number?
True
Let q(f) = -10*f**2 - 6*f + 8. Let x(s) = -11*s**2 - 5*s + 8. Let i(l) = 5*q(l) - 4*x(l). Let g be i(6). Is (g/5)/((-4)/10) prime?
False
Let a(b) = 4*b**2 - 2*b + 4*b**2 + b + 1. Is a(-2) a prime number?
False
Suppose -k = -2*k - 1. Let d = -3 - -3. Is 33*(d - k - 0) prime?
False
Suppose 2086 = 4*m + 2. Is m prime?
True
Suppose 3 = s + 2. Let b = s + -3. Is 0 + b + 1 + 86 prime?
False
Suppose 2*o - 5*d - 24 = 0, -4*o - d + 1 = -3. Suppose -o = -0*h - 2*h. Is -3 - (2 + (-57 - h)) a composite number?
False
Let r(f) = -f**3 + 3*f**2 + 2*f - 3. Let g be r(3). Suppose -1094 = s - g*s. Is s a prime number?
True
Let h(c) = 2*c**2 - c + 2. Let s be h(-2). Let f = s + 1. Is f prime?
True
Let g(x) = -x**3 + 11*x**2 - 6*x - 4. Let r be g(10). Let b = -21 + 34. Let c = b + r. Is c composite?
True
Suppose 655 = 5*m - 4*c, 4*c = -6 - 14. Is m prime?
True
Is (-122 + 4 + 3)/(3/(-3)) composite?
True
Suppose 0 = t + 5*f - 2005 + 513, -4*t - 5*f = -6013. Is t a composite number?
True
Let t(d) = -2*d + 10. Let l be t(9). Let m = l + 4. Let h(g) = g**2 - 2. Is h(m) a composite number?
True
Suppose -t - 78 = -3*t. Is t composite?
True
Suppose -3*t - 2*t + 100 = 0. Suppose -2*v = 2*v - t. Suppose 262 + 133 = v*z. Is z composite?
False
Suppose -241 = -5*a - 3*k + 29, -4*a = -2*k - 238. Let b = 126 - a. Is b a composite number?
True
Let w = -10 + 15. Let f be (4/5)/(2/w). Suppose -f*z - 4*p + 264 = -5*p, 3*p = 2*z - 260. Is z prime?
False
Let g = -2 - -7. Suppose 30 = -g*y - 5. Let b = 20 + y. Is b composite?
False
Let t = 15 + 339. Is 1 - (1 - (-1 + t)) a composite number?
False
Let n(q) = -3 + 12*q - 2 + 2. Is n(5) a prime number?
False
Suppose 3*c - 5*c + 683 = 3*t, -2*c + 689 = 5*t. Is c a composite number?
False
Suppose -758 = -2*v + k, 4*k = 5*v - 1264 - 637. Is v a composite number?
True
Let w(y) = -y + 1. Let m be w(1). Let n = 1 + 1. Suppose n*j = 4 - m. Is j composite?
False
Let g be (581/(-14))/(1/2). Let u = g - -138. Is u a prime number?
False
Let f(o) = 25 - 26 + 69*o**2 - 3*o + 47*o**2. Is f(-2) a composite number?
True
Let t(k) = 115*k**2 + k + 2. Let l be t(-2). Suppose 5*i + x - 1362 + 209 = 0, 2*i - l = -x. Let q = i + -68. Is q prime?
True
Suppose -3*x - 51 - 9 = 2*i, -2*x + i - 47 = 0. Let s = -3 - x. Is s composite?
False
Let c(v) = -v + 1043. Is c(0) a prime number?
False
Let q(v) = -v**2 + 13*v - 12. Let u(t) = -t**2 + 14*t - 13. Let a(g) = 5*q(g) - 4*u(g). Let j be a(8). Is (29 - 2) + -1 + j a prime number?
False
Let c be 0 + (0 - 5580)/(-3). Suppose -5*w + c = 5*i, -3*w = -3*i - 327 - 783. Is w prime?
False
Suppose -5*v + 3*a + 1886 = -2049, 0 = -4*v - 3*a + 3148. Is v a prime number?
True
Suppose 5 = h, -4*m - 5*h + 1625 = -2*m. Let p = m + -1182. Let z = p + 545. Is z composite?
False
Let x(o) = 2*o**2 - 4*o - 8. Is x(-7) a composite number?
True
Let k = 3 + -5. Let z be -20*((-36)/10 + k). Let a = z - -51. Is a a composite number?
False
Let d = -23 - -41. Let i be (d/5)/(2/5). Let h = i - 2. Is h composite?
False
Suppose 0 = 2*l - 988 - 230. Suppose -s - 2*s + l = 0. Is s a prime number?
False
Let f(x) = -2*x - 14. Let d be f(-19). Let v = d + 9. Is v a prime number?
False
Let l = 3 + -3. Let k be 7 + 2/(0 + -1). Suppose k*z - 205 - 240 = l. Is z a prime number?
True
Suppose 122 = 2*n - 594. Is n prime?
False
Let c(z) = -z**3 - 7*z**2 - 7*z + 4. Let w be c(-7). Let o = w - 33. Suppose j - 3*j = -o. Is j a composite number?
True
Suppose 6*b - 75 - 1449 = 0. Is b composite?
True
Suppose 5*g + 32 - 12 = 0. Let v(z) be the third derivative of -5*z**4/24 - z**3/6 + 5*z**2. Is v(g) a prime number?
True
Let h = -136 - -339. Is h composite?
True
Let z(n) = 17*n**2 - 4*n + 4. Let j(t) = -t + 1. Let m(s) = -3*j(s) + z(s). Is m(-3) composite?
False
Let g(m) = -m**3 - 12*m**2 + m + 14. Let d = -14 - -2. Let y be g(d). Suppose -5*x = -3*i - 339, y*x = -5*i + 1 + 147. Is x a prime number?
False
Suppose 17 = -3*j + 2. Let t be 0*3/(j + -1). Suppose i - 66 = -5*c, t*c - 6 = -c - 2*i. Is c prime?
False
Let a(w) = -w + 6. Suppose -i + 2*s + 2 = 0, 3*i + 14 - 34 = -s. Let f be a(i). Is -62*((-2)/4 + f) a composite number?
False
Let x be (-3 - -5)*(-2)/(-2). Suppose -3*g + 11 = x. Suppose -3*h + 36 = g. Is h composite?
False
Let a be ((-19)/(-2))/((-3)/(-108)). Suppose 0*o + 3*o = 3*g - a, g - 104 = 3*o. Is g composite?
True
Let z = -1094 + 2563. Is z composite?
True
Let t(x) = 4*x - 7. Let p = 2 + 5. Is t(p) composite?
True
Let f(w) = -2*w**2 - 11*w + 7. Let c be f(-8). Let k = 22 - c. Is k composite?
True
Suppose -16*x + 19*x - 2019 = 0. Is x a composite number?
False
Let d(s) = -s**2 - 5*s + 5. Let r be d(-6). Is (889/14)/(r/(-2)) a prime number?
True
Let z(y) be the third derivative of -7*y**6/720 - y**5/30 + y**4/24 + 2*y**2. Let k(w) be the second derivative of z(w). Is k(-5) prime?
True
Let z(g) = -g**2 + 9*g - 9. Let p be z(7). Suppose -76 = -p*k - 6. Is k composite?
True
Suppose 7421 = 6*s - s - 4*u, -4*s + 5932 = -2*u. Is s a prime number?
True
Suppose -4*p + 6*p = 3694. Is p composite?
False
Suppose -3*g = -1 - 2. Suppose 0 = -2*a + a - g, 0 = 4*p + 3*a - 5. Suppose p*y - 39 = -y. Is y prime?
True
Let s be ((-6)/(-8))/((-1)/(-4)). Let l be 111 - s*6/9. Let d = l - 56. Is d prime?
True
Let p = 19 + -19. Suppose 4*v - 1380 - 1328 = p. Is v a prime number?
True
Suppose c = 5*n - 13, 2*n + 2*n - 56 = -3*c. Let q = 23 - c. Is q prime?
True
Let i(z) = z**3 - 7*z**2 - 10*z + 3. Let w(j) = -4*j**3 + 28*j**2 + 41*j - 12. Let s(p) = -9*i(p) - 2*w(p). Is s(7) a composite number?
False
Let n be ((1 - -3)/2)/(-2). Is -1 - n - 1 - -38 prime?
True
Le